divided by 3866.
96
What is the remainder when 706262 is divided by 100622?
1908
Calculate the remainder when 8034794 is divided by 382609.
5
Calculate the remainder when 4337296 is divided by 1100.
1096
Calculate the remainder when 1475290 is divided by 68.
30
Calculate the remainder when 981442 is divided by 163558.
94
What is the remainder when 300824 is divided by 2590?
384
Calculate the remainder when 344893 is divided by 168555.
7783
What is the remainder when 7700869 is divided by 561?
22
What is the remainder when 12264202 is divided by 1226404?
162
Calculate the remainder when 166717 is divided by 83054.
609
What is the remainder when 13707399 is divided by 6853641?
117
Calculate the remainder when 421379 is divided by 84271.
24
What is the remainder when 568912 is divided by 3171?
1303
Calculate the remainder when 64505992 is divided by 24.
16
Calculate the remainder when 129867 is divided by 3020.
7
What is the remainder when 5881885 is divided by 229?
20
Calculate the remainder when 4922865 is divided by 28292.
57
What is the remainder when 3160 is divided by 1735?
1425
Calculate the remainder when 21538 is divided by 143.
88
What is the remainder when 1003712 is divided by 1151?
40
What is the remainder when 31764805 is divided by 385?
380
What is the remainder when 325785 is divided by 108581?
42
Calculate the remainder when 1568208001 is divided by 326.
323
Calculate the remainder when 321572 is divided by 107190.
2
What is the remainder when 787485 is divided by 1947?
897
Calculate the remainder when 11847621 is divided by 112834.
51
Calculate the remainder when 5220 is divided by 385.
215
What is the remainder when 3043970 is divided by 3637?
3438
Calculate the remainder when 789256 is divided by 52587.
451
Calculate the remainder when 103440761 is divided by 1039.
1038
What is the remainder when 93696945 is divided by 1603?
1595
Calculate the remainder when 245005 is divided by 12.
1
What is the remainder when 1079998 is divided by 539876?
246
What is the remainder when 13531022 is divided by 6765504?
14
Calculate the remainder when 161395 is divided by 24.
19
What is the remainder when 74897978 is divided by 279470?
18
Calculate the remainder when 32215 is divided by 282.
67
What is the remainder when 1131978 is divided by 18?
12
What is the remainder when 14001 is divided by 522?
429
Calculate the remainder when 49390293 is divided by 12.
9
What is the remainder when 31436864 is divided by 346?
342
Calculate the remainder when 14451035 is divided by 3981.
5
What is the remainder when 27863860 is divided by 564?
4
What is the remainder when 10335106 is divided by 22?
12
What is the remainder when 21299052 is divided by 3022?
3018
What is the remainder when 245268 is divided by 2666?
2662
Calculate the remainder when 1842084 is divided by 63.
27
Calculate the remainder when 11729963 is divided by 6151.
6
Calculate the remainder when 771822 is divided by 21431.
306
Calculate the remainder when 15929770 is divided by 15929613.
157
What is the remainder when 13368155 is divided by 1827?
1823
Calculate the remainder when 186782 is divided by 31019.
668
What is the remainder when 1198024 is divided by 7307?
6983
Calculate the remainder when 110493 is divided by 27575.
193
What is the remainder when 15928040 is divided by 591?
590
Calculate the remainder when 73898591 is divided by 25.
16
What is the remainder when 74776 is divided by 1361?
1282
Calculate the remainder when 34567978 is divided by 12.
10
What is the remainder when 21594911 is divided by 7198302?
5
What is the remainder when 9564493 is divided by 3021?
7
Calculate the remainder when 7691940 is divided by 10.
0
What is the remainder when 1722177 is divided by 4544?
1
What is the remainder when 136260095 is divided by 5244?
5243
Calculate the remainder when 184886268 is divided by 9598.
9592
Calculate the remainder when 1062074 is divided by 17.
16
What is the remainder when 197197 is divided by 4285?
87
What is the remainder when 81436930 is divided by 81436924?
6
Calculate the remainder when 11547 is divided by 707.
235
Calculate the remainder when 5799928 is divided by 5799869.
59
Calculate the remainder when 109900937 is divided by 54950468.
1
What is the remainder when 909928 is divided by 100976?
1144
What is the remainder when 253371 is divided by 126683?
5
What is the remainder when 452777 is divided by 452623?
154
Calculate the remainder when 356906 is divided by 20990.
76
Calculate the remainder when 30733346 is divided by 162.
2
Calculate the remainder when 190142 is divided by 189929.
213
Calculate the remainder when 175745 is divided by 44.
9
What is the remainder when 1451855 is divided by 203?
202
What is the remainder when 8650249 is divided by 23?
18
What is the remainder when 3194637 is divided by 12?
9
What is the remainder when 754055 is divided by 7880?
5455
What is the remainder when 704559 is divided by 341?
53
What is the remainder when 11388738 is divided by 11388730?
8
Calculate the remainder when 2121297 is divided by 140.
17
Calculate the remainder when 7520144 is divided by 2506713.
5
Calculate the remainder when 269535 is divided by 12251.
13
What is the remainder when 7408 is divided by 322?
2
Calculate the remainder when 26532 is divided by 3815.
3642
What is the remainder when 45567990 is divided by 1000?
990
What is the remainder when 7820396 is divided by 371?
87
Calculate the remainder when 38850531 is divided by 251.
249
Calculate the remainder when 385512 is divided by 64236.
96
Calculate the remainder when 1818846 is divided by 36375.
96
Calculate the remainder when 12500541 is divided by 3803.
80
Calculate the remainder when 1213553 is divided by 1485.
308
What is the remainder when 1603416 is divided by 7820?
316
What is the remainder when 2380434 is divided by 35?
14
What is the remainder when 4814856 is divided by 404?
388
What is the remainder when 26185 is divided by 813?
169
What is the remainder when 89319 is divided by 185?
149
What is the remainder when 203230 is divided by 4724?
98
Calculate the remainder when 27741646 is divided by 11.
9
Calculate the remainder when 347769 is divided by 173792.
185
What is the remainder when 80905169 is divided by 26968389?
2
Calculate the remainder when 78545400 is divided by 3477.
3447
Calculate the remainder when 85366 is divided by 1525.
1491
What is the remainder when 13164 is divided by 12979?
185
What is the remainder when 88941697 is divided by 113446?
33
What is the remainder when 1016562 is divided by 305?
302
Calculate the remainder when 977973 is divided by 874.
841
Calculate the remainder when 1203645 is divided by 12459.
7581
Calculate the remainder when 354685 is divided by 176625.
1435
Calculate the remainder when 53134113 is divided by 1375.
1363
Calculate the remainder when 34293939 is divided by 7068.
3
What is the remainder when 808264 is divided by 202033?
132
What is the remainder when 271603 is divided by 1372?
1319
Calculate the remainder when 650360 is divided by 162288.
1208
Calculate the remainder when 31219935 is divided by 7.
5
Calculate the remainder when 7801327 is divided by 507.
118
What is the remainder when 69321057 is divided by 2?
1
Calculate the remainder when 3034 is divided by 770.
724
What is the remainder when 30453 is divided by 9135?
3048
What is the remainder when 48068886 is divided by 246?
240
Calculate the remainder when 51936 is divided by 1301.
1197
Calculate the remainder when 36622 is divided by 7087.
1187
Calculate the remainder when 6095492 is divided by 209.
7
What is the remainder when 4965190 is divided by 681?
19
Calculate the remainder when 544934245 is divided by 507.
505
What is the remainder when 494694896 is divided by 50?
46
What is the remainder when 3021236 is divided by 37299?
17
What is the remainder when 2212583 is divided by 1033?
930
Calculate the remainder when 93134890 is divided by 46567440.
10
Calculate the remainder when 117397 is divided by 845.
787
Calculate the remainder when 6886435 is divided by 7373.
53
What is the remainder when 68884 is divided by 8602?
68
Calculate the remainder when 1980896 is divided by 987.
974
What is the remainder when 20075 is divided by 9924?
227
Calculate the remainder whe